{"id":20657,"date":"2022-12-12T18:32:32","date_gmt":"2022-12-12T17:32:32","guid":{"rendered":"https:\/\/next.haus-bethanien.ch\/?page_id=20657"},"modified":"2026-02-24T17:14:27","modified_gmt":"2026-02-24T16:14:27","slug":"kapelle","status":"publish","type":"page","link":"https:\/\/www.haus-bethanien.ch\/de\/kapelle\/","title":{"rendered":"Kapelle"},"content":{"rendered":"\n<h3 class=\"wp-block-heading\">Die&nbsp;Kapelle&nbsp;bildet das Herzst\u00fcck des Hauses.<\/h3>\n\n\n\n<p>Hier versammelt sich die Schwesterngemeinschaft mehrmals t\u00e4glich zum gemeinsamen Gebet. Die G\u00e4ste sind jederzeit willkommen &#8211; um sich dem Gebet anzuschliessen, um die bewohnte Stille zu geniessen oder um sich von der Architektur inspirieren zu lassen.<\/p>\n\n\n\n<h3 class=\"wp-block-heading\">Gebetszeiten<\/h3>\n\n\n\n<div class=\"wp-block-columns is-style-restricted-width is-layout-flex wp-container-core-columns-is-layout-9d6595d7 wp-block-columns-is-layout-flex\">\n<div class=\"wp-block-column is-layout-flow wp-block-column-is-layout-flow\" style=\"flex-basis:100%\">\n<p><strong>Montag bis Samstag<\/strong><\/p>\n\n\n\n<figure class=\"wp-block-table alignfull\"><table><tbody><tr><td>7.30 Uhr<\/td><td class=\"has-text-align-left\" data-align=\"left\">Laudes (au\u00dfer Donnerstag)<\/td><\/tr><tr><td>8.00 Uhr<\/td><td class=\"has-text-align-left\" data-align=\"left\">Eucharistie *<br>*au\u00dfer donnerstags: Morgenlob f\u00fcr die Einheit der Christen<\/td><\/tr><tr><td>12.00 Uhr<\/td><td class=\"has-text-align-left\" data-align=\"left\">Mittagsgebet<\/td><\/tr><tr><td>17.30 Uhr<\/td><td class=\"has-text-align-left\" data-align=\"left\">Vesper<\/td><\/tr><tr><td>18.00 Uhr<\/td><td class=\"has-text-align-left\" data-align=\"left\">Anbetung<\/td><\/tr><tr><td>20.15 Uhr<\/td><td class=\"has-text-align-left\" data-align=\"left\">Komplet<\/td><\/tr><\/tbody><\/table><\/figure>\n\n\n\n<p><strong>Sonntag und Feiertage<\/strong><\/p>\n\n\n\n<figure class=\"wp-block-table alignfull\"><table><tbody><tr><td>8.30 Uhr<\/td><td class=\"has-text-align-left\" data-align=\"left\">Laudes <\/td><\/tr><tr><td>9.00 Uhr<\/td><td class=\"has-text-align-left\" data-align=\"left\">Eucharistie <\/td><\/tr><\/tbody><\/table><\/figure>\n\n\n\n<p><strong>Anbetung (in der Krypta)<\/strong><\/p>\n\n\n\n<figure class=\"wp-block-table\"><table><tbody><tr><td>Montag bis Freitag<\/td><td class=\"has-text-align-left\" data-align=\"left\">9.00 &#8211; 11.45 Uhr<br>18.00 &#8211; 18.30 Uhr<\/td><\/tr><tr><td>Samstag<\/td><td class=\"has-text-align-left\" data-align=\"left\">9.00 &#8211; 11.45 Uhr<\/td><\/tr><tr><td>Sonntag und Feiertage<\/td><td class=\"has-text-align-left\" data-align=\"left\">10.00 &#8211; 11.45 Uhr<\/td><\/tr><\/tbody><\/table><\/figure>\n<\/div>\n<\/div>\n\n\n\n<div style=\"height:40px\" aria-hidden=\"true\" class=\"wp-block-spacer\"><\/div>\n\n\n\n<div class=\"wp-block-media-text alignwide is-stacked-on-mobile\" style=\"grid-template-columns:60% auto\"><figure class=\"wp-block-media-text__media\"><img loading=\"lazy\" decoding=\"async\" width=\"1024\" height=\"543\" src=\"https:\/\/www.haus-bethanien.ch\/wp-content\/uploads\/2022\/12\/Capture-decran-2022-12-21-a-10.45.49-1024x543.png\" alt=\"\" class=\"wp-image-20911 size-full\" srcset=\"https:\/\/www.haus-bethanien.ch\/wp-content\/uploads\/2022\/12\/Capture-decran-2022-12-21-a-10.45.49-1024x543.png 1024w, https:\/\/www.haus-bethanien.ch\/wp-content\/uploads\/2022\/12\/Capture-decran-2022-12-21-a-10.45.49-300x159.png 300w, https:\/\/www.haus-bethanien.ch\/wp-content\/uploads\/2022\/12\/Capture-decran-2022-12-21-a-10.45.49-768x407.png 768w, https:\/\/www.haus-bethanien.ch\/wp-content\/uploads\/2022\/12\/Capture-decran-2022-12-21-a-10.45.49-1536x815.png 1536w, https:\/\/www.haus-bethanien.ch\/wp-content\/uploads\/2022\/12\/Capture-decran-2022-12-21-a-10.45.49-2048x1086.png 2048w\" sizes=\"auto, (max-width: 1024px) 100vw, 1024px\" \/><\/figure><div class=\"wp-block-media-text__content\">\n<p class=\"has-small-font-size\">Die Krypta im Untergeschoss l\u00e4dt noch mehr zum stillen Gebet ein. Das Allerheiligste wird dort tags\u00fcber ausgestellt.<\/p>\n<\/div><\/div>\n\n\n\n<div style=\"height:36px\" aria-hidden=\"true\" class=\"wp-block-spacer\"><\/div>\n","protected":false},"excerpt":{"rendered":"<p>Die&nbsp;Kapelle&nbsp;bildet das Herzst\u00fcck des Hauses. Hier versammelt sich die Schwesterngemeinschaft mehrmals t\u00e4glich zum gemeinsamen Gebet. Die G\u00e4ste sind jederzeit willkommen &#8211; um sich dem Gebet anzuschliessen, um die bewohnte Stille zu geniessen oder um sich von der Architektur inspirieren zu lassen. Gebetszeiten Montag bis Samstag 7.30 Uhr Laudes (au\u00dfer Donnerstag) 8.00 Uhr Eucharistie **au\u00dfer donnerstags: [&hellip;]<\/p>\n","protected":false},"author":1,"featured_media":20917,"parent":0,"menu_order":0,"comment_status":"closed","ping_status":"closed","template":"","meta":{"_acf_changed":false,"footnotes":""},"class_list":["post-20657","page","type-page","status-publish","has-post-thumbnail","hentry"],"acf":[],"yoast_head":"<!-- This site is optimized with the Yoast SEO plugin v27.5 - https:\/\/yoast.com\/product\/yoast-seo-wordpress\/ -->\n<title>Kapelle - Bethanien<\/title>\n<meta name=\"description\" content=\"Die&nbsp;Kapelle&nbsp;bildet das Herzst\u00fcck des Hauses. Hier versammelt sich die Schwesterngemeinschaft mehrmals t\u00e4glich zum gemeinsamen Gebet. Die G\u00e4ste\" \/>\n<meta name=\"robots\" content=\"index, follow, max-snippet:-1, max-image-preview:large, max-video-preview:-1\" \/>\n<link rel=\"canonical\" href=\"https:\/\/www.haus-bethanien.ch\/de\/kapelle\/\" \/>\n<meta property=\"og:locale\" content=\"de_DE\" \/>\n<meta property=\"og:type\" content=\"article\" \/>\n<meta property=\"og:title\" content=\"Kapelle - Bethanien\" \/>\n<meta property=\"og:description\" content=\"Die&nbsp;Kapelle&nbsp;bildet das Herzst\u00fcck des Hauses. Hier versammelt sich die Schwesterngemeinschaft mehrmals t\u00e4glich zum gemeinsamen Gebet. Die G\u00e4ste\" \/>\n<meta property=\"og:url\" content=\"https:\/\/www.haus-bethanien.ch\/de\/kapelle\/\" \/>\n<meta property=\"og:site_name\" content=\"Bethanien\" \/>\n<meta property=\"article:modified_time\" content=\"2026-02-24T16:14:27+00:00\" \/>\n<meta property=\"og:image\" content=\"https:\/\/www.haus-bethanien.ch\/wp-content\/uploads\/2022\/12\/Chapelle-Bethanien.jpg\" \/>\n\t<meta property=\"og:image:width\" content=\"1920\" \/>\n\t<meta property=\"og:image:height\" content=\"1080\" \/>\n\t<meta property=\"og:image:type\" content=\"image\/jpeg\" \/>\n<meta name=\"twitter:card\" content=\"summary_large_image\" \/>\n<meta name=\"twitter:label1\" content=\"Gesch\u00e4tzte Lesezeit\" \/>\n\t<meta name=\"twitter:data1\" content=\"2\u00a0Minuten\" \/>\n<script type=\"application\/ld+json\" class=\"yoast-schema-graph\">{\"@context\":\"https:\\\/\\\/schema.org\",\"@graph\":[{\"@type\":\"WebPage\",\"@id\":\"https:\\\/\\\/www.haus-bethanien.ch\\\/de\\\/kapelle\\\/\",\"url\":\"https:\\\/\\\/www.haus-bethanien.ch\\\/de\\\/kapelle\\\/\",\"name\":\"Kapelle - Bethanien\",\"isPartOf\":{\"@id\":\"https:\\\/\\\/www.haus-bethanien.ch\\\/de\\\/#website\"},\"primaryImageOfPage\":{\"@id\":\"https:\\\/\\\/www.haus-bethanien.ch\\\/de\\\/kapelle\\\/#primaryimage\"},\"image\":{\"@id\":\"https:\\\/\\\/www.haus-bethanien.ch\\\/de\\\/kapelle\\\/#primaryimage\"},\"thumbnailUrl\":\"https:\\\/\\\/www.haus-bethanien.ch\\\/wp-content\\\/uploads\\\/2022\\\/12\\\/Chapelle-Bethanien.jpg\",\"datePublished\":\"2022-12-12T17:32:32+00:00\",\"dateModified\":\"2026-02-24T16:14:27+00:00\",\"description\":\"Die&nbsp;Kapelle&nbsp;bildet das Herzst\u00fcck des Hauses. Hier versammelt sich die Schwesterngemeinschaft mehrmals t\u00e4glich zum gemeinsamen Gebet. Die G\u00e4ste\",\"breadcrumb\":{\"@id\":\"https:\\\/\\\/www.haus-bethanien.ch\\\/de\\\/kapelle\\\/#breadcrumb\"},\"inLanguage\":\"de\",\"potentialAction\":[{\"@type\":\"ReadAction\",\"target\":[\"https:\\\/\\\/www.haus-bethanien.ch\\\/de\\\/kapelle\\\/\"]}]},{\"@type\":\"ImageObject\",\"inLanguage\":\"de\",\"@id\":\"https:\\\/\\\/www.haus-bethanien.ch\\\/de\\\/kapelle\\\/#primaryimage\",\"url\":\"https:\\\/\\\/www.haus-bethanien.ch\\\/wp-content\\\/uploads\\\/2022\\\/12\\\/Chapelle-Bethanien.jpg\",\"contentUrl\":\"https:\\\/\\\/www.haus-bethanien.ch\\\/wp-content\\\/uploads\\\/2022\\\/12\\\/Chapelle-Bethanien.jpg\",\"width\":1920,\"height\":1080},{\"@type\":\"BreadcrumbList\",\"@id\":\"https:\\\/\\\/www.haus-bethanien.ch\\\/de\\\/kapelle\\\/#breadcrumb\",\"itemListElement\":[{\"@type\":\"ListItem\",\"position\":1,\"name\":\"Home\",\"item\":\"https:\\\/\\\/www.haus-bethanien.ch\\\/de\\\/\"},{\"@type\":\"ListItem\",\"position\":2,\"name\":\"Kapelle\"}]},{\"@type\":\"WebSite\",\"@id\":\"https:\\\/\\\/www.haus-bethanien.ch\\\/de\\\/#website\",\"url\":\"https:\\\/\\\/www.haus-bethanien.ch\\\/de\\\/\",\"name\":\"Bethanien\",\"description\":\"Gastehaus Kloster Bethanien\",\"potentialAction\":[{\"@type\":\"SearchAction\",\"target\":{\"@type\":\"EntryPoint\",\"urlTemplate\":\"https:\\\/\\\/www.haus-bethanien.ch\\\/de\\\/?s={search_term_string}\"},\"query-input\":{\"@type\":\"PropertyValueSpecification\",\"valueRequired\":true,\"valueName\":\"search_term_string\"}}],\"inLanguage\":\"de\"}]}<\/script>\n<!-- \/ Yoast SEO plugin. -->","yoast_head_json":{"title":"Kapelle - Bethanien","description":"Die&nbsp;Kapelle&nbsp;bildet das Herzst\u00fcck des Hauses. Hier versammelt sich die Schwesterngemeinschaft mehrmals t\u00e4glich zum gemeinsamen Gebet. Die G\u00e4ste","robots":{"index":"index","follow":"follow","max-snippet":"max-snippet:-1","max-image-preview":"max-image-preview:large","max-video-preview":"max-video-preview:-1"},"canonical":"https:\/\/www.haus-bethanien.ch\/de\/kapelle\/","og_locale":"de_DE","og_type":"article","og_title":"Kapelle - Bethanien","og_description":"Die&nbsp;Kapelle&nbsp;bildet das Herzst\u00fcck des Hauses. Hier versammelt sich die Schwesterngemeinschaft mehrmals t\u00e4glich zum gemeinsamen Gebet. Die G\u00e4ste","og_url":"https:\/\/www.haus-bethanien.ch\/de\/kapelle\/","og_site_name":"Bethanien","article_modified_time":"2026-02-24T16:14:27+00:00","og_image":[{"width":1920,"height":1080,"url":"https:\/\/www.haus-bethanien.ch\/wp-content\/uploads\/2022\/12\/Chapelle-Bethanien.jpg","type":"image\/jpeg"}],"twitter_card":"summary_large_image","twitter_misc":{"Gesch\u00e4tzte Lesezeit":"2\u00a0Minuten"},"schema":{"@context":"https:\/\/schema.org","@graph":[{"@type":"WebPage","@id":"https:\/\/www.haus-bethanien.ch\/de\/kapelle\/","url":"https:\/\/www.haus-bethanien.ch\/de\/kapelle\/","name":"Kapelle - Bethanien","isPartOf":{"@id":"https:\/\/www.haus-bethanien.ch\/de\/#website"},"primaryImageOfPage":{"@id":"https:\/\/www.haus-bethanien.ch\/de\/kapelle\/#primaryimage"},"image":{"@id":"https:\/\/www.haus-bethanien.ch\/de\/kapelle\/#primaryimage"},"thumbnailUrl":"https:\/\/www.haus-bethanien.ch\/wp-content\/uploads\/2022\/12\/Chapelle-Bethanien.jpg","datePublished":"2022-12-12T17:32:32+00:00","dateModified":"2026-02-24T16:14:27+00:00","description":"Die&nbsp;Kapelle&nbsp;bildet das Herzst\u00fcck des Hauses. Hier versammelt sich die Schwesterngemeinschaft mehrmals t\u00e4glich zum gemeinsamen Gebet. Die G\u00e4ste","breadcrumb":{"@id":"https:\/\/www.haus-bethanien.ch\/de\/kapelle\/#breadcrumb"},"inLanguage":"de","potentialAction":[{"@type":"ReadAction","target":["https:\/\/www.haus-bethanien.ch\/de\/kapelle\/"]}]},{"@type":"ImageObject","inLanguage":"de","@id":"https:\/\/www.haus-bethanien.ch\/de\/kapelle\/#primaryimage","url":"https:\/\/www.haus-bethanien.ch\/wp-content\/uploads\/2022\/12\/Chapelle-Bethanien.jpg","contentUrl":"https:\/\/www.haus-bethanien.ch\/wp-content\/uploads\/2022\/12\/Chapelle-Bethanien.jpg","width":1920,"height":1080},{"@type":"BreadcrumbList","@id":"https:\/\/www.haus-bethanien.ch\/de\/kapelle\/#breadcrumb","itemListElement":[{"@type":"ListItem","position":1,"name":"Home","item":"https:\/\/www.haus-bethanien.ch\/de\/"},{"@type":"ListItem","position":2,"name":"Kapelle"}]},{"@type":"WebSite","@id":"https:\/\/www.haus-bethanien.ch\/de\/#website","url":"https:\/\/www.haus-bethanien.ch\/de\/","name":"Bethanien","description":"Gastehaus Kloster Bethanien","potentialAction":[{"@type":"SearchAction","target":{"@type":"EntryPoint","urlTemplate":"https:\/\/www.haus-bethanien.ch\/de\/?s={search_term_string}"},"query-input":{"@type":"PropertyValueSpecification","valueRequired":true,"valueName":"search_term_string"}}],"inLanguage":"de"}]}},"_links":{"self":[{"href":"https:\/\/www.haus-bethanien.ch\/de\/wp-json\/wp\/v2\/pages\/20657","targetHints":{"allow":["GET"]}}],"collection":[{"href":"https:\/\/www.haus-bethanien.ch\/de\/wp-json\/wp\/v2\/pages"}],"about":[{"href":"https:\/\/www.haus-bethanien.ch\/de\/wp-json\/wp\/v2\/types\/page"}],"author":[{"embeddable":true,"href":"https:\/\/www.haus-bethanien.ch\/de\/wp-json\/wp\/v2\/users\/1"}],"replies":[{"embeddable":true,"href":"https:\/\/www.haus-bethanien.ch\/de\/wp-json\/wp\/v2\/comments?post=20657"}],"version-history":[{"count":8,"href":"https:\/\/www.haus-bethanien.ch\/de\/wp-json\/wp\/v2\/pages\/20657\/revisions"}],"predecessor-version":[{"id":44868,"href":"https:\/\/www.haus-bethanien.ch\/de\/wp-json\/wp\/v2\/pages\/20657\/revisions\/44868"}],"wp:featuredmedia":[{"embeddable":true,"href":"https:\/\/www.haus-bethanien.ch\/de\/wp-json\/wp\/v2\/media\/20917"}],"wp:attachment":[{"href":"https:\/\/www.haus-bethanien.ch\/de\/wp-json\/wp\/v2\/media?parent=20657"}],"curies":[{"name":"wp","href":"https:\/\/api.w.org\/{rel}","templated":true}]}}

<h3 class="wp-block-heading">Die&nbsp;Kapelle&nbsp;bildet das Herzstück des Hauses.</h3>



<p>Hier versammelt sich die Schwesterngemeinschaft mehrmals täglich zum gemeinsamen Gebet. Die Gäste sind jederzeit willkommen &#8211; um sich dem Gebet anzuschliessen, um die bewohnte Stille zu geniessen oder um sich von der Architektur inspirieren zu lassen.</p>



<h3 class="wp-block-heading">Gebetszeiten</h3>



<div class="wp-block-columns is-style-restricted-width is-layout-flex wp-container-core-columns-is-layout-9d6595d7 wp-block-columns-is-layout-flex">
<div class="wp-block-column is-layout-flow wp-block-column-is-layout-flow" style="flex-basis:100%">
<p><strong>Montag bis Samstag</strong></p>



<figure class="wp-block-table alignfull"><table><tbody><tr><td>7.30 Uhr</td><td class="has-text-align-left" data-align="left">Laudes (außer Donnerstag)</td></tr><tr><td>8.00 Uhr</td><td class="has-text-align-left" data-align="left">Eucharistie *<br>*außer donnerstags: Morgenlob für die Einheit der Christen</td></tr><tr><td>12.00 Uhr</td><td class="has-text-align-left" data-align="left">Mittagsgebet</td></tr><tr><td>17.30 Uhr</td><td class="has-text-align-left" data-align="left">Vesper</td></tr><tr><td>18.00 Uhr</td><td class="has-text-align-left" data-align="left">Anbetung</td></tr><tr><td>20.15 Uhr</td><td class="has-text-align-left" data-align="left">Komplet</td></tr></tbody></table></figure>



<p><strong>Sonntag und Feiertage</strong></p>



<figure class="wp-block-table alignfull"><table><tbody><tr><td>8.30 Uhr</td><td class="has-text-align-left" data-align="left">Laudes </td></tr><tr><td>9.00 Uhr</td><td class="has-text-align-left" data-align="left">Eucharistie </td></tr></tbody></table></figure>



<p><strong>Anbetung (in der Krypta)</strong></p>



<figure class="wp-block-table"><table><tbody><tr><td>Montag bis Freitag</td><td class="has-text-align-left" data-align="left">9.00 &#8211; 11.45 Uhr<br>18.00 &#8211; 18.30 Uhr</td></tr><tr><td>Samstag</td><td class="has-text-align-left" data-align="left">9.00 &#8211; 11.45 Uhr</td></tr><tr><td>Sonntag und Feiertage</td><td class="has-text-align-left" data-align="left">10.00 &#8211; 11.45 Uhr</td></tr></tbody></table></figure>
</div>
</div>



<div style="height:40px" aria-hidden="true" class="wp-block-spacer"></div>



<div class="wp-block-media-text alignwide is-stacked-on-mobile" style="grid-template-columns:60% auto"><figure class="wp-block-media-text__media"><img loading="lazy" decoding="async" width="1024" height="543" src="https://www.haus-bethanien.ch/wp-content/uploads/2022/12/Capture-decran-2022-12-21-a-10.45.49-1024x543.png" alt="" class="wp-image-20911 size-full" srcset="https://www.haus-bethanien.ch/wp-content/uploads/2022/12/Capture-decran-2022-12-21-a-10.45.49-1024x543.png 1024w, https://www.haus-bethanien.ch/wp-content/uploads/2022/12/Capture-decran-2022-12-21-a-10.45.49-300x159.png 300w, https://www.haus-bethanien.ch/wp-content/uploads/2022/12/Capture-decran-2022-12-21-a-10.45.49-768x407.png 768w, https://www.haus-bethanien.ch/wp-content/uploads/2022/12/Capture-decran-2022-12-21-a-10.45.49-1536x815.png 1536w, https://www.haus-bethanien.ch/wp-content/uploads/2022/12/Capture-decran-2022-12-21-a-10.45.49-2048x1086.png 2048w" sizes="auto, (max-width: 1024px) 100vw, 1024px" /></figure><div class="wp-block-media-text__content">
<p class="has-small-font-size">Die Krypta im Untergeschoss lädt noch mehr zum stillen Gebet ein. Das Allerheiligste wird dort tagsüber ausgestellt.</p>
</div></div>



<div style="height:36px" aria-hidden="true" class="wp-block-spacer"></div>

<p>Die&nbsp;Kapelle&nbsp;bildet das Herzstück des Hauses. Hier versammelt sich die Schwesterngemeinschaft mehrmals täglich zum gemeinsamen Gebet. Die Gäste sind jederzeit willkommen &#8211; um sich dem Gebet anzuschliessen, um die bewohnte Stille zu geniessen oder um sich von der Architektur inspirieren zu lassen. Gebetszeiten Montag bis Samstag 7.30 Uhr Laudes (außer Donnerstag) 8.00 Uhr Eucharistie **außer donnerstags: [&hellip;]</p>

<!-- This site is optimized with the Yoast SEO plugin v27.5 - https://yoast.com/product/yoast-seo-wordpress/ -->
<title>Kapelle - Bethanien</title>
<meta name="description" content="Die&nbsp;Kapelle&nbsp;bildet das Herzstück des Hauses. Hier versammelt sich die Schwesterngemeinschaft mehrmals täglich zum gemeinsamen Gebet. Die Gäste" />
<meta name="robots" content="index, follow, max-snippet:-1, max-image-preview:large, max-video-preview:-1" />
<link rel="canonical" href="https://www.haus-bethanien.ch/de/kapelle/" />
<meta property="og:locale" content="de_DE" />
<meta property="og:type" content="article" />
<meta property="og:title" content="Kapelle - Bethanien" />
<meta property="og:description" content="Die&nbsp;Kapelle&nbsp;bildet das Herzstück des Hauses. Hier versammelt sich die Schwesterngemeinschaft mehrmals täglich zum gemeinsamen Gebet. Die Gäste" />
<meta property="og:url" content="https://www.haus-bethanien.ch/de/kapelle/" />
<meta property="og:site_name" content="Bethanien" />
<meta property="article:modified_time" content="2026-02-24T16:14:27+00:00" />
<meta property="og:image" content="https://www.haus-bethanien.ch/wp-content/uploads/2022/12/Chapelle-Bethanien.jpg" />
	<meta property="og:image:width" content="1920" />
	<meta property="og:image:height" content="1080" />
	<meta property="og:image:type" content="image/jpeg" />
<meta name="twitter:card" content="summary_large_image" />
<meta name="twitter:label1" content="Geschätzte Lesezeit" />
	<meta name="twitter:data1" content="2 Minuten" />
<script type="application/ld+json" class="yoast-schema-graph">{"@context":"https:\/\/schema.org","@graph":[{"@type":"WebPage","@id":"https:\/\/www.haus-bethanien.ch\/de\/kapelle\/","url":"https:\/\/www.haus-bethanien.ch\/de\/kapelle\/","name":"Kapelle - Bethanien","isPartOf":{"@id":"https:\/\/www.haus-bethanien.ch\/de\/#website"},"primaryImageOfPage":{"@id":"https:\/\/www.haus-bethanien.ch\/de\/kapelle\/#primaryimage"},"image":{"@id":"https:\/\/www.haus-bethanien.ch\/de\/kapelle\/#primaryimage"},"thumbnailUrl":"https:\/\/www.haus-bethanien.ch\/wp-content\/uploads\/2022\/12\/Chapelle-Bethanien.jpg","datePublished":"2022-12-12T17:32:32+00:00","dateModified":"2026-02-24T16:14:27+00:00","description":"Die&nbsp;Kapelle&nbsp;bildet das Herzstück des Hauses. Hier versammelt sich die Schwesterngemeinschaft mehrmals täglich zum gemeinsamen Gebet. Die Gäste","breadcrumb":{"@id":"https:\/\/www.haus-bethanien.ch\/de\/kapelle\/#breadcrumb"},"inLanguage":"de","potentialAction":[{"@type":"ReadAction","target":["https:\/\/www.haus-bethanien.ch\/de\/kapelle\/"]}]},{"@type":"ImageObject","inLanguage":"de","@id":"https:\/\/www.haus-bethanien.ch\/de\/kapelle\/#primaryimage","url":"https:\/\/www.haus-bethanien.ch\/wp-content\/uploads\/2022\/12\/Chapelle-Bethanien.jpg","contentUrl":"https:\/\/www.haus-bethanien.ch\/wp-content\/uploads\/2022\/12\/Chapelle-Bethanien.jpg","width":1920,"height":1080},{"@type":"BreadcrumbList","@id":"https:\/\/www.haus-bethanien.ch\/de\/kapelle\/#breadcrumb","itemListElement":[{"@type":"ListItem","position":1,"name":"Home","item":"https:\/\/www.haus-bethanien.ch\/de\/"},{"@type":"ListItem","position":2,"name":"Kapelle"}]},{"@type":"WebSite","@id":"https:\/\/www.haus-bethanien.ch\/de\/#website","url":"https:\/\/www.haus-bethanien.ch\/de\/","name":"Bethanien","description":"Gastehaus Kloster Bethanien","potentialAction":[{"@type":"SearchAction","target":{"@type":"EntryPoint","urlTemplate":"https:\/\/www.haus-bethanien.ch\/de\/?s={search_term_string}"},"query-input":{"@type":"PropertyValueSpecification","valueRequired":true,"valueName":"search_term_string"}}],"inLanguage":"de"}]}</script>
<!-- / Yoast SEO plugin. -->

Die&nbsp;Kapelle&nbsp;bildet das Herzstück des Hauses. Hier versammelt sich die Schwesterngemeinschaft mehrmals täglich zum gemeinsamen Gebet. Die Gäste
